
-127
In base 8, what is 5 + -160?
-153
In base 5, what is 110 - 11?
44
In base 14, what is -19 + -164?
-17d
In base 2, what is -11 - -1000110101?
1000110010
In base 5, what is -10 - 13?
-23
In base 8, what is 6 - 237?
-231
In base 8, what is 2 - 1323?
-1321
In base 11, what is 1213a + 0?
1213a
In base 4, what is -230301 + -11?
-230312
In base 15, what is -3a56 + 1?
-3a55
In base 16, what is 144 - 5?
13f
In base 16, what is 78 - 3?
75
In base 3, what is -1 + -20001011?
-20001012
In base 3, what is 10011 - 2200?
111
In base 4, what is -32312 + 11?
-32301
In base 4, what is 2 + -130223?
-130221
In base 9, what is 1761 + 1?
1762
In base 5, what is -1343340 - 1?
-1343341
In base 16, what is -3 - -da7?
da4
In base 16, what is -976 + -2?
-978
In base 15, what is 21 + -2?
1e
In base 16, what is 1c3 + 2?
1c5
In base 4, what is -3 + 12020?
12011
In base 5, what is 4 + 13401?
13410
In base 7, what is -1 - -2053?
2052
In base 13, what is -13 + -41?
-54
In base 9, what is -5 + -7241?
-7246
In base 13, what is -10 - -3c?
2c
In base 14, what is -4 + -45?
-49
In base 12, what is -43 - 6?
-49
In base 13, what is 178 - 0?
178
In base 4, what is -3 - -3312?
3303
In base 10, what is 205 + 0?
205
In base 9, what is 3 - -1764?
1767
In base 9, what is 36 + -454?
-417
In base 5, what is 1 + -12440?
-12434
In base 10, what is 1406 - -6?
1412
In base 2, what is -100 + -1101100111?
-1101101011
In base 11, what is 255 - 4?
251
In base 5, what is 140 - 1?
134
In base 11, what is 227 - 6?
221
In base 8, what is -342 - 1?
-343
In base 6, what is 1 + 14223?
14224
In base 9, what is 12 + -35?
-23
In base 6, what is 123 - -1302?
1425
In base 4, what is 1301222 + 11?
1301233
In base 15, what is -2187 + 0?
-2187
In base 13, what is 4 + -96?
-92
In base 4, what is -1 - 100230?
-100231
In base 14, what is -1dcb + -2?
-1dcd
In base 13, what is -12 + -672?
-684
In base 16, what is -3 - 89?
-8c
In base 3, what is -2010202 - -10?
-2010122
In base 16, what is -3a8 + -3?
-3ab
In base 12, what is 76b - 4?
767
In base 12, what is -43 - -4?
-3b
In base 4, what is -21300 - 1?
-21301
In base 16, what is 5 - 190?
-18b
In base 9, what is 6 + 62?
68
In base 5, what is -42241 + -20?
-42311
In base 10, what is -3026 + 5?
-3021
In base 3, what is 221 - 100?
121
In base 7, what is -4 - 2042?
-2046
In base 12, what is -4 - 357?
-35b
In base 11, what is 4 - -81?
85
In base 15, what is -13 - 29?
-3c
In base 14, what is -5 + -23?
-28
In base 6, what is -33 + 0?
-33
In base 9, what is -2157 - -2?
-2155
In base 8, what is -11 - 4370?
-4401
In base 13, what is -20 + -11?
-31
In base 4, what is -1030 - 30?
-1120
In base 8, what is 2 - 22?
-20
In base 3, what is 1 - -1001222?
1002000
In base 8, what is 3 + -73?
-70
In base 5, what is 103 - -4?
112
In base 12, what is -150 - -3?
-149
In base 2, what is -10 - -1101110011?
1101110001
In base 12, what is -2 - -2a5b?
2a59
In base 12, what is 6 + -205?
-1bb
In base 9, what is 545 - 4?
541
In base 10, what is -1795 + 5?
-1790
In base 2, what is 10 + 11101?
11111
In base 8, what is 3 - -12?
15
In base 8, what is -426 - 5?
-433
In base 12, what is 3 + -14b1?
-14aa
In base 11, what is 1 - -34?
35
In base 8, what is -1 + -600?
-601
In base 8, what is -1 + 157?
156
In base 13, what is -5 - -1021?
1019
In base 12, what is -145 + -3?
-148
In base 14, what is -18 - da?
-114
In base 13, what is 1 + 17b1?
17b2
In base 14, what is bb + -3?
b8
In base 15, what is -3 + 501?
4ed
In base 14, what is 10 - 53?
-43
In base 5, what is -2 - 11030?
-11032
In base 16, what is -2c + 5?
-27
In base 4, what is 2011 + 13?
2030
In base 2, what is -100 - -1010011010?
1010010110
In base 10, what is -117 - 2?
-119
In base 15, what is 277 + -7?
270
In base 3, what is 2110 + -1?
2102
In base 10, what is 64 - 24?
40
In base 3, what is -10 - -20121?
20111
In base 9, what is -4 + -45?
-50
In base 5, what is -30 - -11?
-14
In base 2, what is 1 - -10110?
10111
In base 4, what is -100123 - 10?
-100133
In base 8, what is -42 + 225?
163
In base 9, what is -3 + -20?
-23
In base 4, what is -21332 + -3?
-22001
In base 4, what is 3 + -321?
-312
In base 10, what is 25 + 80?
105
In base 10, what is 1 - 6490?
-6489
In base 12, what is 468 + 3?
46b
In base 15, what is -17 - -3ce?
3b7
In base 16, what is -15d + 2?
-15b
In base 2, what is 10000 + -10001011100?
-10001001100
In base 5, what is 10 + 2122?
2132
In base 6, what is 431 + -5?
422
In base 6, what is -25 - 32?
-101
In base 12, what is -34b0 - 0?
-34b0
In base 4, what is 13322 + -3?
13313
In base 11, what is -280a - 3?
-2812
In base 15, what is 2ca - -5?
2d0
In base 13, what is 2 + 10?
12
In base 4, what is -1331 - 1?
-1332
In base 13, what is b - 1?
a
In base 3, what is -10 - -11020200?
11020120
In base 13, what is 7021 - 5?
7019
In base 11, what is -283 - 3?
-286
In base 12, what is -7 + 55?
4a
In base 9, what is 118 - 123?
-4
In base 4, what is 13223 - 0?
13223
In base 4, what is 1310 - -33?
2003
In base 7, what is 2245 + -3?
2242
In base 2, what is 111001 - -100000?
1011001
In base 16, what is -5a8 + 1?
-5a7
In base 15, what is -13 - -3?
-10
In base 14, what is -3 - -20?
1b
In base 14, what is -9 - -7bc?
7b3
In base 6, what is 3512 - -2?
3514
In base 16, what is -9 + b?
2
In base 10, what is -2882 + -4?
-2886
In base 10, what is 5 - 766?
-761
In base 10, what is -167 - -1?
-166
In base 15, what is -1 - -35?
34
In base 11, what is 36 - 39?
-3
In base 12, what is 1 + b4?
b5
In base 9, what is -1 + -334?
-335
In base 2, what is -11110111001 + -10?
-11110111011
In base 4, what is 110230 + 11?
110301
In base 14, what is -b + -8?
-15
In base 11, what is 26 - 3a?
-14
In base 13, what is 4 + -97?
-93
In base 2, what is -10 + -1100001?
-1100011
In base 16, what is -8d - 5?
-92
In base 2, what is -110011 - 100?
-110111
In base 5, what is -132 + 3102?
2420
In base 13, what is -2b9 + -2?
-2bb
In base 5, what is 4 - 44?
-40
In base 13, what is -4 - -113?
10c
In base 12, what is -10 - 166?
-176
In base 10, what is -6 + 10?
4
In base 7, what is 4 - 2641?
-2634
In base 6, what is 1003 + -3?
1000
In base 13, what is 4 + -141?
-13a
In base 7, what is -603 - 3?
-606
In base 15, what is -76 - 4?
-7a
In base 9, what is 2026 + -1?
2025
In base 13, what is -5 + -718?
-720
In base 12, what is 16b4 - -5?
16b9
In base 6, what is -231 - -1?
-230
In base 5, what is 10 - 14433?
-14423
In base 14, what is -251 + 3?
-24c
In base 5, what is -11 + -3?
-14
In base 3, what is 22 + -11120?
-11021
In base 6, what is 23 - 11?
12
In base 3, what is -121 - 120000?
-120121
In base 9, what is -3 + -121?
-124
In base 8, what is -64442 - 0?
-64442
In base 12, what is -4 + -144?
-148
In base 2, what is 10 - -100100000101?
100100000111
In base 15, what is -75a + 1?
-759
In base 9, what is 54 + -4?
50
In base 10, what is -85 - -9?
-76
In base 8, what is 5 + 163?
170
In base 7, what is 0 + 166?
166
In base 4, what is -1032002 - -3?
-1031333
In base 12, what is -7 - 15?
-20
In base 12, what is -250 - 5?
-255
In base 2, what is 1011101 - 101?
1011000
In base 12, what is 573 - 1?
572
In base 10, what is -57 + 52?
-5
In base 6, what is 24 - -322?
350
In base 5, what is 21433 - 4?
21424
In base 6, what is -540 + 1?
-535
In base 5, what is 12004 + -14?
11440
In base 4, what is 13333 - 1?
13332
In base 16, what is 1f2 + 3?
1f5
In base 7, what is 4 - -104?
111
In base 10, what is -15 + -112?
-127
In base 15, what is -6cc - 0?
-6cc
In base 13, what is -27c - 5?
-284
In base 12, what is 18 + 3?
1b
In base 7, what is 361 + -1?
360
In base 8, what is 2756 - -5?
2763
In base 12, what is a + -2a?
-20
In base 9, what is 22 + 3?
25
In base 9, what is -5 + 5611?
5605
In base 9, what is -6 + 1850?
1843
In base 10, what is -37 + -7?
-44
In base 2, what is 101 - -1001001000?
1001001101
In base 5, what is -121 + 11?
-110
In base 10, what is -5 + -585?
-590
In base 9, what is -873 + -11?
-884
In base 10, what is 127 - -1?
128
In base 6, what is -14 - -1422?
1404
In base 12, what is -1b0 + -3?
-1b3
In base 4, what is 30021 + 0?
30021
In base 13, what is 0 - 7?
-7
In base 4, what is 103 - -10?
113
In base 4, what is -11113 + -31?
-11210
In base 9, what is -2 - 6?
-8
In base 4, what is 121 + 1321?
2102
In base 8, what is -2 + 324?
322
In base 3, what is -10 - -12012?
12002
In base 12, what is 80 + -63?
19
In base 9, w